{"id":460,"date":"2023-06-16T09:04:11","date_gmt":"2023-06-16T07:04:11","guid":{"rendered":"https:\/\/www.zsohrobec.cz\/nove\/?page_id=460"},"modified":"2026-03-09T19:40:23","modified_gmt":"2026-03-09T18:40:23","slug":"zapis-do-zs","status":"publish","type":"page","link":"https:\/\/www.zsohrobec.cz\/nove\/zapis-do-zs\/","title":{"rendered":"Z\u00e1pis do Z\u0160"},"content":{"rendered":"<p>[vc_row][vc_column width=&#8221;1\/4&#8243;][vc_wp_custommenu nav_menu=&#8221;15&#8243;][\/vc_column][vc_column width=&#8221;3\/4&#8243;][vc_column_text]<span style=\"color: #ff0000;\">V\u00fdsledky z\u00e1pisu do 1. ro\u010dn\u00edku pro \u0161koln\u00ed rok 2026\/2027 naleznete<\/span> <strong><span style=\"color: #0000ff;\"><a style=\"color: #0000ff;\" href=\"https:\/\/www.zsohrobec.cz\/nove\/wp-content\/uploads\/2026\/03\/Zapis-do-1.-rocniku-2026-2027-vysledky.pdf\">ZDE<\/a><\/span><\/strong><\/p>\n<p><strong><span style=\"color: #0000ff;\"><a style=\"color: #0000ff;\" href=\"https:\/\/www.zsohrobec.cz\/nove\/wp-content\/uploads\/2026\/01\/Zapis_do_1_rocniku_2026_2027_ZS_Ohrobec.pdf\">Z\u00e1pis do 1. ro\u010dn\u00edku pro \u0161koln\u00ed rok 2026\/2027 &#8211; Z\u0160 Ohrobec &#8211; podrobn\u00e9 informace<\/a><\/span><\/strong><\/p>\n<p><span style=\"color: #0000ff;\"><strong><a style=\"color: #0000ff;\" href=\"https:\/\/www.zsohrobec.cz\/nove\/wp-content\/uploads\/2026\/01\/Odklad-SPD.pdf\">Odklad \u0161koln\u00ed povinn\u00e9 doch\u00e1zky &#8211; formul\u00e1\u0159<\/a><\/strong><\/span><\/p>\n<p><strong>&nbsp;<\/strong><\/p>\n<p><a href=\"https:\/\/www.zsohrobec.cz\/nove\/wp-content\/uploads\/2026\/01\/zapis-pozvanka.png\">&nbsp;&nbsp;<\/a><\/p>\n<p>Obecn\u00e9 informace z M\u0160MT k z\u00e1pis\u016fm:<\/p>\n<p><a href=\"https:\/\/www.zsohrobec.cz\/nove\/wp-content\/uploads\/2025\/12\/Zapisy-1.-trida.pdf\"><span style=\"color: #0000ff;\"><strong>Z\u00e1pisy &#8211; 1. t\u0159\u00edda<\/strong><\/span><\/a><\/p>\n<p><strong><span style=\"color: #0000ff;\"><a style=\"color: #0000ff;\" href=\"https:\/\/www.zsohrobec.cz\/nove\/wp-content\/uploads\/2025\/12\/Odklad-SPD-do-31.3.pdf\">Odklad \u0160PD pro d\u00edt\u011b narozen\u00e9 od 1. 9. 2019 &#8211; 31. 3. 2020<\/a><\/span><\/strong><\/p>\n<p><span style=\"color: #0000ff;\"><strong><a style=\"color: #0000ff;\" href=\"https:\/\/www.zsohrobec.cz\/nove\/wp-content\/uploads\/2025\/12\/Odklad-SPD-od-1.4.pdf\">Odklad \u0160PD pro d\u00edt\u011b narozen\u00e9 od 1. 4. 2020 &#8211; 31. 8. 2020<\/a><\/strong><\/span><\/p>\n<p>&nbsp;<\/p>\n<p>&nbsp;<\/p>\n<p><strong>&nbsp;<\/strong>[\/vc_column_text][\/vc_column][\/vc_row]<\/p>\n","protected":false},"excerpt":{"rendered":"<p>[vc_row][vc_column width=&#8221;1\/4&#8243;][vc_wp_custommenu nav_menu=&#8221;15&#8243;][\/vc_column][vc_column width=&#8221;3\/4&#8243;][vc_column_text]V\u00fdsledky z\u00e1pisu do 1. ro\u010dn\u00edku pro \u0161koln\u00ed rok 2026\/2027 naleznete ZDE Z\u00e1pis do 1. ro\u010dn\u00edku pro \u0161koln\u00ed&nbsp;<a href=\"https:\/\/www.zsohrobec.cz\/nove\/zapis-do-zs\/\">&hellip;<\/a><\/p>\n","protected":false},"author":1,"featured_media":0,"parent":0,"menu_order":0,"comment_status":"closed","ping_status":"closed","template":"template-fullwidth.php","meta":{"ngg_post_thumbnail":0,"footnotes":""},"class_list":["post-460","page","type-page","status-publish","hentry","odd"],"_links":{"self":[{"href":"https:\/\/www.zsohrobec.cz\/nove\/wp-json\/wp\/v2\/pages\/460","targetHints":{"allow":["GET"]}}],"collection":[{"href":"https:\/\/www.zsohrobec.cz\/nove\/wp-json\/wp\/v2\/pages"}],"about":[{"href":"https:\/\/www.zsohrobec.cz\/nove\/wp-json\/wp\/v2\/types\/page"}],"author":[{"embeddable":true,"href":"https:\/\/www.zsohrobec.cz\/nove\/wp-json\/wp\/v2\/users\/1"}],"replies":[{"embeddable":true,"href":"https:\/\/www.zsohrobec.cz\/nove\/wp-json\/wp\/v2\/comments?post=460"}],"version-history":[{"count":24,"href":"https:\/\/www.zsohrobec.cz\/nove\/wp-json\/wp\/v2\/pages\/460\/revisions"}],"predecessor-version":[{"id":8565,"href":"https:\/\/www.zsohrobec.cz\/nove\/wp-json\/wp\/v2\/pages\/460\/revisions\/8565"}],"wp:attachment":[{"href":"https:\/\/www.zsohrobec.cz\/nove\/wp-json\/wp\/v2\/media?parent=460"}],"curies":[{"name":"wp","href":"https:\/\/api.w.org\/{rel}","templated":true}]}}