{"id":453,"date":"2023-06-16T08:56:58","date_gmt":"2023-06-16T06:56:58","guid":{"rendered":"https:\/\/www.zsohrobec.cz\/nove\/?page_id=453"},"modified":"2026-02-16T09:16:09","modified_gmt":"2026-02-16T08:16:09","slug":"dokumenty-zs","status":"publish","type":"page","link":"https:\/\/www.zsohrobec.cz\/nove\/dokumenty-zs\/","title":{"rendered":"Dokumenty Z\u0160"},"content":{"rendered":"<p>[vc_row][vc_column width=&#8221;1\/4&#8243;][vc_wp_custommenu nav_menu=&#8221;15&#8243;][\/vc_column][vc_column width=&#8221;3\/4&#8243;][vc_column_text]<span style=\"color: #0000ff;\"><strong><a style=\"color: #0000ff;\" href=\"https:\/\/www.zsohrobec.cz\/nove\/wp-content\/uploads\/2025\/10\/2_Skolni-rad-2025_2026.pdf\">\u0160koln\u00ed \u0159\u00e1d 2025_2026<\/a><\/strong><\/span><\/p>\n<p><span style=\"color: #0000ff;\"><strong><span style=\"color: #0000ff;\"><a style=\"color: #0000ff;\" href=\"https:\/\/www.zsohrobec.cz\/nove\/wp-content\/uploads\/2025\/10\/4_provozni-rad-ZS-2025_2026.pdf\">Provozn\u00ed \u0159\u00e1d Z\u0160 2025_2026<\/a><\/span><\/strong><\/span><\/p>\n<p><strong><span style=\"color: #0000ff;\"><a href=\"https:\/\/www.zsohrobec.cz\/nove\/wp-content\/uploads\/2025\/10\/SVP-pro-ZS-od-1.-9.-2024-.pdf\"><span style=\"color: #0000ff;\">\u0160koln\u00ed vzd\u011bl\u00e1vac\u00ed program Z\u0160 &#8211; Spole\u010dn\u011b k \u00fasp\u011bchu<\/span><\/a><\/span><\/strong><\/p>\n<p><strong><span style=\"color: #0000ff;\"><a style=\"color: #0000ff;\" href=\"https:\/\/www.zsohrobec.cz\/nove\/wp-content\/uploads\/2023\/07\/Zadost-o-prijeti-prestup-k-nam-do-x-rocniku.pdf\">\u017d\u00e1dost o p\u0159ijet\u00ed &#8211; p\u0159estup z jin\u00e9 Z\u0160<\/a><\/span><\/strong><\/p>\n<p><strong><span style=\"color: #0000ff;\"><a style=\"color: #0000ff;\" href=\"https:\/\/www.zsohrobec.cz\/nove\/wp-content\/uploads\/2023\/07\/Zadost-o-uvolneni-z-vyucovani.pdf\">\u017d\u00e1dost o uvoln\u011bn\u00ed z vyu\u010dov\u00e1n\u00ed pro 1. stupe\u0148<\/a><\/span><\/strong><\/p>\n<p><strong><span style=\"color: #0000ff;\"><a style=\"color: #0000ff;\" href=\"https:\/\/www.zsohrobec.cz\/nove\/wp-content\/uploads\/2023\/10\/Zadost-o-uvolneni-z-vyucovani-2.-stupen.pdf\">\u017d\u00e1dost o uvoln\u011bn\u00ed z vyu\u010dov\u00e1n\u00ed pro 2. stupe\u0148<\/a><\/span><\/strong><\/p>\n<p><span style=\"color: #0000ff;\">&nbsp;<\/span><\/p>\n<p><strong>&nbsp;<\/strong>[\/vc_column_text][vc_column_text]&nbsp;[\/vc_column_text][\/vc_column][\/vc_row]<\/p>\n","protected":false},"excerpt":{"rendered":"<p>[vc_row][vc_column width=&#8221;1\/4&#8243;][vc_wp_custommenu nav_menu=&#8221;15&#8243;][\/vc_column][vc_column width=&#8221;3\/4&#8243;][vc_column_text]\u0160koln\u00ed \u0159\u00e1d 2025_2026 Provozn\u00ed \u0159\u00e1d Z\u0160 2025_2026 \u0160koln\u00ed vzd\u011bl\u00e1vac\u00ed program Z\u0160 &#8211; Spole\u010dn\u011b k \u00fasp\u011bchu \u017d\u00e1dost o&nbsp;<a href=\"https:\/\/www.zsohrobec.cz\/nove\/dokumenty-zs\/\">&hellip;<\/a><\/p>\n","protected":false},"author":1,"featured_media":0,"parent":0,"menu_order":0,"comment_status":"closed","ping_status":"closed","template":"template-fullwidth.php","meta":{"ngg_post_thumbnail":0,"footnotes":""},"class_list":["post-453","page","type-page","status-publish","hentry","odd"],"_links":{"self":[{"href":"https:\/\/www.zsohrobec.cz\/nove\/wp-json\/wp\/v2\/pages\/453","targetHints":{"allow":["GET"]}}],"collection":[{"href":"https:\/\/www.zsohrobec.cz\/nove\/wp-json\/wp\/v2\/pages"}],"about":[{"href":"https:\/\/www.zsohrobec.cz\/nove\/wp-json\/wp\/v2\/types\/page"}],"author":[{"embeddable":true,"href":"https:\/\/www.zsohrobec.cz\/nove\/wp-json\/wp\/v2\/users\/1"}],"replies":[{"embeddable":true,"href":"https:\/\/www.zsohrobec.cz\/nove\/wp-json\/wp\/v2\/comments?post=453"}],"version-history":[{"count":30,"href":"https:\/\/www.zsohrobec.cz\/nove\/wp-json\/wp\/v2\/pages\/453\/revisions"}],"predecessor-version":[{"id":8461,"href":"https:\/\/www.zsohrobec.cz\/nove\/wp-json\/wp\/v2\/pages\/453\/revisions\/8461"}],"wp:attachment":[{"href":"https:\/\/www.zsohrobec.cz\/nove\/wp-json\/wp\/v2\/media?parent=453"}],"curies":[{"name":"wp","href":"https:\/\/api.w.org\/{rel}","templated":true}]}}