{"id":417,"date":"2023-05-31T11:36:38","date_gmt":"2023-05-31T09:36:38","guid":{"rendered":"https:\/\/www.zsohrobec.cz\/nove\/?page_id=417"},"modified":"2025-04-30T16:23:32","modified_gmt":"2025-04-30T14:23:32","slug":"skolska-rada","status":"publish","type":"page","link":"https:\/\/www.zsohrobec.cz\/nove\/skolska-rada\/","title":{"rendered":"\u0160kolsk\u00e1 rada"},"content":{"rendered":"<p>[vc_row][vc_column][vc_column_text]<strong>\u0160KOLSK\u00c1 RADA<\/strong><\/p>\n<p>\u0160kolsk\u00e1 rada&nbsp;je org\u00e1n, kter\u00fd se z\u0159izuje p\u0159i&nbsp;z\u00e1kladn\u00edch,&nbsp;st\u0159edn\u00edch&nbsp;a&nbsp;vy\u0161\u0161\u00edch odborn\u00fdch \u0161kol\u00e1ch. Povinnost \u0161kol\u00e1m z\u0159\u00eddit \u0161kolskou radu ukl\u00e1d\u00e1 \u00a7&nbsp;167&nbsp;\u0161kolsk\u00e9ho z\u00e1kona. \u0160kolsk\u00e1 rada je sou\u010d\u00e1st\u00ed spr\u00e1vy \u0161koly v jej\u00edm u\u017e\u0161\u00edm vymezen\u00ed.<\/p>\n<p>\u0160kolsk\u00e1 rada v Z\u0160 Ohrobec sest\u00e1v\u00e1 ze dvou z\u00e1konn\u00fdch z\u00e1stupc\u016f nezletil\u00fdch \u017e\u00e1k\u016f, dvou z\u00e1stupc\u016f z \u0159ad pedagog\u016f a dvou z\u00e1stupc\u016f ze strany z\u0159izovatele. O po\u010dtu \u010dlen\u016f \u0161kolsk\u00e9 rady rozhoduje z\u0159izovatel, kter\u00fd m\u00e1 z\u00e1rove\u0148 v kompetenci vydat volebn\u00ed \u0159\u00e1d a jmenovat t\u0159etinu jej\u00edch \u010dlen\u016f.&nbsp; \u010clenem rady nem\u016f\u017ee b\u00fdt \u0159editel \u0161koly.<span id=\"Funk.C4.8Dn.C3.AD_obdob.C3.AD\"><\/span><\/p>\n<p>Funk\u010dn\u00ed obdob\u00ed \u010dlena rady je t\u0159\u00edlet\u00e9.<\/p>\n<p>Pln\u00fd v\u00fd\u010det kompetenc\u00ed \u0161kolsk\u00e9 rady je uveden ve \u0161kolsk\u00e9m z\u00e1kon\u011b v&nbsp;paragrafu&nbsp;168. Jsou jimi:<\/p>\n<dl>\n<dd>a) vyjad\u0159uje se k n\u00e1vrh\u016fm&nbsp;\u0161koln\u00edch vzd\u011bl\u00e1vac\u00edch program\u016f&nbsp;a k jejich n\u00e1sledn\u00e9mu uskute\u010d\u0148ov\u00e1n\u00ed,<\/dd>\n<dd>b) schvaluje&nbsp;v\u00fdro\u010dn\u00ed zpr\u00e1vu&nbsp;o \u010dinnosti \u0161koly,<\/dd>\n<dd>c) schvaluje&nbsp;\u0161koln\u00ed \u0159\u00e1d &nbsp;a navrhuje jejich zm\u011bny,<\/dd>\n<dd>d) schvaluje pravidla pro hodnocen\u00ed v\u00fdsledk\u016f vzd\u011bl\u00e1v\u00e1n\u00ed \u017e\u00e1k\u016f v z\u00e1kladn\u00edch \u0161kol\u00e1ch,<\/dd>\n<dd>e) pod\u00edl\u00ed se na zpracov\u00e1n\u00ed koncep\u010dn\u00edch z\u00e1m\u011br\u016f rozvoje \u0161koly,<\/dd>\n<dd>f) projedn\u00e1v\u00e1 n\u00e1vrh&nbsp;rozpo\u010dtu&nbsp;pr\u00e1vnick\u00e9 osoby na dal\u0161\u00ed rok, vyjad\u0159uje se k rozboru hospoda\u0159en\u00ed a navrhuje opat\u0159en\u00ed ke zlep\u0161en\u00ed hospoda\u0159en\u00ed,<\/dd>\n<dd>g) projedn\u00e1v\u00e1 inspek\u010dn\u00ed zpr\u00e1vy&nbsp;\u010cesk\u00e9 \u0161koln\u00ed inspekce,<\/dd>\n<dd>h) pod\u00e1v\u00e1 podn\u011bty a ozn\u00e1men\u00ed \u0159editeli \u0161koly, z\u0159izovateli, org\u00e1n\u016fm vykon\u00e1vaj\u00edc\u00edm&nbsp;st\u00e1tn\u00ed spr\u00e1vu&nbsp;ve \u0161kolstv\u00ed a dal\u0161\u00edm org\u00e1n\u016fm st\u00e1tn\u00ed spr\u00e1vy,<\/dd>\n<dd>i) pod\u00e1v\u00e1 n\u00e1vrh na vyhl\u00e1\u0161en\u00ed konkursu na \u0159editele \u0161koly.<\/dd>\n<\/dl>\n<p>\u0160kolsk\u00e9 rad\u011b jsou zp\u0159\u00edstupn\u011bny ve\u0161ker\u00e9 informace o \u0161kole, zejm\u00e9na jej\u00ed dokumentace. Ty mus\u00ed poskytnout \u0159editel \u0161koly.<\/p>\n<h2>\u010cLENOV\u00c9 \u0160KOLSK\u00c9 RADY Z\u0160 OHROBEC:<\/h2>\n<p>Funk\u010dn\u00ed obdob\u00ed: listopad 2023 &#8211; listopad 2026<\/p>\n<ul>\n<li>za rodi\u010de:<br \/>\nBc. Mark\u00e9ta Kyselov\u00e1&nbsp;<br \/>\nMartina Hradeck\u00e1<\/li>\n<\/ul>\n<ul>\n<li>za \u0161kolu:<br \/>\nMgr. Helena \u0160pinarov\u00e1<br \/>\nHana Hlav\u00e1\u010dkov\u00e1 (od 27.8.2024)<\/li>\n<\/ul>\n<ul>\n<li style=\"text-align: left;\">za z\u0159izovatele:<br \/>\nIng. Monika Ke\u0159kov\u00e1, MPA (od 1. 4. 2025)<br \/>\nPetr Hlave\u0161, MBA &#8211; p\u0159edseda \u0161kolsk\u00e9 rady<\/li>\n<\/ul>\n<p style=\"text-align: left;\">&nbsp;<\/p>\n<p>&nbsp;<\/p>\n<p>Kontakt na \u0161kolskou radu:&nbsp;<a href=\"mailto:skolskarada@zsohrobec.cz\"><span class=\"has-inline-color has-vivid-cyan-blue-color\">skolskarada@zsohrobec.cz<\/span><\/a><\/p>\n<p><span style=\"color: #3366ff;\"><a style=\"color: #3366ff;\" href=\"https:\/\/www.zsohrobec.cz\/nove\/wp-content\/uploads\/2023\/07\/Jednaci-rad-skolske-rady.pdf\">Jednac\u00ed \u0159\u00e1d \u0161kolsk\u00e9 rady<\/a><\/span><\/p>\n<p>Z\u00e1pisy ze setk\u00e1n\u00ed \u0161kolsk\u00e9 rady:<\/p>\n<p><span style=\"color: #3366ff;\"><a style=\"color: #3366ff;\" href=\"https:\/\/www.zsohrobec.cz\/nove\/wp-content\/uploads\/2024\/08\/Skolska-rada-zapis-28_8_24.pdf\">Z\u00e1pis 20. 8. 2024<\/a><\/span><\/p>\n<p><span style=\"color: #3366ff;\"><a style=\"color: #3366ff;\" href=\"https:\/\/www.zsohrobec.cz\/nove\/wp-content\/uploads\/2023\/12\/Skolska-rada-zapis-z-29-11-2023.pdf\">Z<span style=\"color: #3366ff;\">\u00e1pis 29. 11. 2023<\/span><\/a><\/span><\/p>\n<p><span style=\"color: #3366ff;\"><a style=\"color: #3366ff;\" href=\"https:\/\/www.zsohrobec.cz\/nove\/wp-content\/uploads\/2023\/08\/Zapis-z-jednani-z-12.6.2023-SR-.pdf\">Z\u00e1pis 12. 6. 2023<\/a><\/span>[\/vc_column_text][\/vc_column][\/vc_row]<\/p>\n","protected":false},"excerpt":{"rendered":"<p>[vc_row][vc_column][vc_column_text]\u0160KOLSK\u00c1 RADA \u0160kolsk\u00e1 rada&nbsp;je org\u00e1n, kter\u00fd se z\u0159izuje p\u0159i&nbsp;z\u00e1kladn\u00edch,&nbsp;st\u0159edn\u00edch&nbsp;a&nbsp;vy\u0161\u0161\u00edch odborn\u00fdch \u0161kol\u00e1ch. Povinnost \u0161kol\u00e1m z\u0159\u00eddit \u0161kolskou radu ukl\u00e1d\u00e1 \u00a7&nbsp;167&nbsp;\u0161kolsk\u00e9ho z\u00e1kona. \u0160kolsk\u00e1&nbsp;<a href=\"https:\/\/www.zsohrobec.cz\/nove\/skolska-rada\/\">&hellip;<\/a><\/p>\n","protected":false},"author":1,"featured_media":0,"parent":0,"menu_order":0,"comment_status":"closed","ping_status":"closed","template":"template-fullwidth.php","meta":{"ngg_post_thumbnail":0,"footnotes":""},"class_list":["post-417","page","type-page","status-publish","hentry","odd"],"_links":{"self":[{"href":"https:\/\/www.zsohrobec.cz\/nove\/wp-json\/wp\/v2\/pages\/417","targetHints":{"allow":["GET"]}}],"collection":[{"href":"https:\/\/www.zsohrobec.cz\/nove\/wp-json\/wp\/v2\/pages"}],"about":[{"href":"https:\/\/www.zsohrobec.cz\/nove\/wp-json\/wp\/v2\/types\/page"}],"author":[{"embeddable":true,"href":"https:\/\/www.zsohrobec.cz\/nove\/wp-json\/wp\/v2\/users\/1"}],"replies":[{"embeddable":true,"href":"https:\/\/www.zsohrobec.cz\/nove\/wp-json\/wp\/v2\/comments?post=417"}],"version-history":[{"count":28,"href":"https:\/\/www.zsohrobec.cz\/nove\/wp-json\/wp\/v2\/pages\/417\/revisions"}],"predecessor-version":[{"id":6208,"href":"https:\/\/www.zsohrobec.cz\/nove\/wp-json\/wp\/v2\/pages\/417\/revisions\/6208"}],"wp:attachment":[{"href":"https:\/\/www.zsohrobec.cz\/nove\/wp-json\/wp\/v2\/media?parent=417"}],"curies":[{"name":"wp","href":"https:\/\/api.w.org\/{rel}","templated":true}]}}